2*l + 408. Suppose m = 4, -4*k + 4*m - 2*m = -l. What is the remainder when k is divided by 15?
8
Suppose 4*f = 5*x + 206, 0 = -5*f + 5*x + 151 + 104. What is the remainder when f is divided by 18?
13
What is the remainder when (4 - (-268)/16)/(2/8) is divided by 22?
17
Let q(c) = -c**2 - 9*c. Suppose -40 = -18*p + 68. What is the remainder when q(-8) is divided by p?
2
Suppose -5*v + 7 = -158. Let m = 11 + -5. Calculate the remainder when v is divided by m.
3
Let r(t) = 8*t**2 - 14*t + 53. Calculate the remainder when r(6) is divided by 88.
81
What is the remainder when 43 is divided by (58/2 - 2) + (-4)/(-2)?
14
Suppose -677 + 14 = -13*b. What is the remainder when 101 is divided by b?
50
Let r be (-4)/(-8)*-62*1. Let d = 15 - r. What is the remainder when d is divided by 11 - 1/((-2)/2)?
10
Calculate the remainder when (-3*3)/((-1260)/410 - -3) is divided by 25.
23
Let q(l) = 52*l + 12. Let x(h) = h**3 + 5*h**2 + 7*h + 6. Let p be x(-3). What is the remainder when q(p) is divided by 43?
39
Suppose 3*h - 4 - 11 = 3*r, 3*r = 0. Suppose 4*q - 32 = -3*b + 3*q, -q - 23 = -2*b. What is the remainder when b is divided by h?
1
Let g = -782 + 786. Calculate the remainder when 202 is divided by g.
2
Suppose -8 = 4*a, -5*b + 8 = -5*a - 122. Calculate the remainder when 572 is divided by b.
20
Suppose -4*l + 16 = 0, -65 = x - 4*x - 5*l. Calculate the remainder when (-43 - -1)/(-2 - -1) is divided by x.
12
Let n(g) = -10*g + 28. Calculate the remainder when 135 is divided by n(-4).
67
Let j be 1/(-2)*-6*30/(-6). Calculate the remainder when 80 is divided by (j/(-3) + -3)*6.
8
Suppose 4 = -q + 6. Suppose -a = a - 10, 3*a + 171 = q*i. What is the remainder when i is divided by (13 - 1)*(-8)/(-3)?
29
Let r(d) = 5*d - 162. What is the remainder when r(33) is divided by 1?
0
Suppose 2*y - 23 = -2*l + 37, y - 46 = -5*l. Suppose b = -b + y. Calculate the remainder when b is divided by 9.
4
Let b = -24 + 32. What is the remainder when 66 is divided by b?
2
Suppose 6*o - o + 4*s - 28 = 0, 3*o = 5*s + 2. Suppose o*g = g + 303. What is the remainder when g is divided by 52?
49
Let a = 517 - 505. Calculate the remainder when 382 is divided by a.
10
Let y(o) be the second derivative of 0 - 6*o - 1/12*o**4 - 3/2*o**3 - 4*o**2. What is the remainder when 9 is divided by y(-7)?
3
Let p(s) = -s**3 + 14*s**2 + 17*s - 6. Let u be p(15). Let l = u + 19. Calculate the remainder when l is divided by 23.
20
Let y(q) = 11*q + 37. Calculate the remainder when 168 is divided by y(4).
6
Let z = -180 - -299. Suppose 0 = -3*y + 3*b + 57, -2*y - 2*y + 111 = 3*b. Calculate the remainder when z is divided by y.
23
Suppose 0 = -50*f + 48*f + 40. Calculate the remainder when 46 is divided by f.
6
Let g(i) = -i - 2. Calculate the remainder when 3*(-14)/21*-2 is divided by g(-4).
0
Let x(o) = -o**2 + 53*o - 154. What is the remainder when x(19) is divided by 33?
30
Let d = -13 + 14. Let i be 2/6 - d/3. Suppose 3*f - 2*f - 6 = i. What is the remainder when f is divided by 2?
0
Let h be 5 + (8*-1)/2. Suppose -3*u + 5 + h = 0. Suppose f - 19 = 4*g, u*g = -4*f - 1 + 23. What is the remainder when 10 is divided by f?
3
Suppose -4*p = 3*i - 64, p + 2*i - 5*i = 1. Suppose 0 = -10*l + p*l - 6. What is the remainder when 13 is divided by l?
1
Suppose 4*o - 29 = -5*a + 2*a, 0 = 4*a - 3*o - 47. Calculate the remainder when a is divided by (6/10)/((-18)/(-90)).
2
Let h = -2 - -1. Let a(n) = -39*n + 1. Suppose -1139*q = 50160 - 183423. What is the remainder when q is divided by a(h)?
37
Let u = 421 - 403. Calculate the remainder when 161 is divided by u.
17
Suppose -4*d = v + 4*v - 111, -3*d = 3. Let b(h) = -2*h + 23. What is the remainder when b(-16) is divided by v?
9
Let i(w) = -3*w + 87. What is the remainder when i(8) is divided by 33?
30
Suppose m = -4*m + 5*d + 3400, -d = -2*m + 1364. Suppose -3*x = -12*x + m. Calculate the remainder when x is divided by 16.
12
Let b(k) be the third derivative of 7*k**5/30 - k**4/8 + 5*k**3/6 + 19*k**2 - 1. What is the remainder when b(2) is divided by 19?
17
Let y = -176 - -185. Calculate the remainder when 50 is divided by y.
5
Suppose 2*k - 3*w - 50 = 0, -4*w + 10 = -k + 40. What is the remainder when 62 is divided by k?
18
Let u be (-3 + (-7)/(-2))*0. Suppose u = 2*j + 3*r - 7, r = 3*j - 15 - 1. What is the remainder when (-62)/(-8) - 2/(-8) is divided by j?
3
Calculate the remainder when 5*1/((-720)/104 - -7) is divided by 39.
26
Let v = 257 - 241. What is the remainder when 204 is divided by v?
12
Suppose 6 = -2*z - 8. Let f(i) = 9*i**2 - 5*i + 7. Let v be f(z). Suppose -4*w + v - 138 = -5*p, 2*w - 170 = 2*p. What is the remainder when w is divided by 27?
26
Suppose 0 = -4*a + 394 + 454. Calculate the remainder when a is divided by 27.
23
Suppose -5*r = 5*h - 605, -7*r + 6*r + 2*h = -136. Let x = r + -1. What is the remainder when x is divided by 21?
20
Let f(u) = -3*u - 6. Let v(n) = -4*n. Let b be v(1). Let q be f(b). Suppose 2*i + 172 = q*i. What is the remainder when i is divided by 11?
10
Let h = -70 + 54. Let v(j) = -j**3 - 16*j**2 + 2. What is the remainder when v(h) is divided by 1?
0
Suppose -59 = -4*c - 0*m + 5*m, -2*c - 3*m = -57. Let s be 4*59 - 16/(-4). Suppose -5*q = -9*q + s. Calculate the remainder when q is divided by c.
18
Let r(o) = 2*o**2 + o - 106. Let l = -8 - -17. Suppose 5*a - 136 - l = 0. Calculate the remainder when r(-10) is divided by a.
26
Let r(v) = -11*v - 8. Let h(n) be the first derivative of -3*n**2 + n - 1. Let q be h(1). Calculate the remainder when r(q) is divided by 16.
15
Let z(m) be the second derivative of 2*m**3/3 + 2*m**2 - 3*m. Let k(q) = 56*q + 1. Calculate the remainder when k(1) is divided by z(2).
9
Let f = -2375 + 2583. What is the remainder when f is divided by 55?
43
Suppose 3*b = 3*l - 198, -4*b - 5*l - 101 - 154 = 0. Let q = b + 127. Calculate the remainder when q is divided by 24.
14
Let j = 58 + -35. Let k(g) = -4*g - 14. Suppose -17 - 18 = 5*o. What is the remainder when j is divided by k(o)?
9
Let i be (-8)/28 - (-216)/21. Suppose -314 + 1324 = i*s. What is the remainder when s is divided by 35?
31
Suppose -3*w + r - 5*r = -49, -r - 120 = -5*w. Calculate the remainder when 31 is divided by w.
8
Let x = -775 - -776. Calculate the remainder when 35 is divided by x.
0
Suppose b - 104 = 4*r - 9, -3*b + 300 = 3*r. Let g(d) = 4*d + 3. What is the remainder when b is divided by g(8)?
29
Suppose 2*h - 35 = -z + 3*h, -2*z - h = -79. Calculate the remainder when z is divided by ((-266)/(-28) + -6)*(-16)/(-7).
6
Let c = 7079 - 7065. Let z be 1*(2 + (-1)/1). Calculate the remainder when 5*5 - (-2)/z is divided by c.
13
Suppose -4*l = 3*x - 183, 5*x - 5*l + 6*l = 288. What is the remainder when (-5 - 10/(-2)) + 3*x is divided by 44?
39
Let m(f) = -2*f + 20. Let q be (3/6)/((-2)/(-8)). Suppose -q*r = -2*t + 20, 3*r - 11 = 4*r - 2*t. Calculate the remainder when m(r) is divided by 20.
18
What is the remainder when (-2)/(-7) + 51595/595 is divided by ((-84)/9 - -2)*-3?
21
Let k(l) = -4*l**2 + 4*l - 3. Let d be k(3). Let s be (-5)/(30/9)*(2 + -40). What is the remainder when 20 is divided by d/(-5) + s/95?
2
Let o = 51 - 47. Suppose o*c + 20 = 0, 0*j = -3*j + 2*c + 37. Calculate the remainder when j is divided by 3.
0
Suppose 18 = -f - y + 56, 3*f = 3*y + 84. Suppose 4*r = 2*r + 54. Suppose 0*b - r = -3*b. Calculate the remainder when f is divided by b.
6
Let j be 3 + -1 + 0 + -9 + -2. Calculate the remainder when 9/j*(-8 - -1) is divided by 2.
1
Let f = -94 - -175. Let o = f - 66. What is the remainder when 58 is divided by o?
13
Suppose l = -5*g + 915, 4*g = g - 2*l + 542. Calculate the remainder when g is divided by 31.
29
Suppose 2 = -r + 4. Suppose 4*l + 0*l - 2*i = 8, r*l = -i + 12. Suppose l*o = 2*n - 5*n - 7, 5*n - 23 = 2*o. Calculate the remainder when 5 is divided by n.
2
Suppose 0 = -5*j + 3*w + 252 + 45, -5*w = 3*j - 185. Suppose 85 + j = 5*i. What is the remainder when 64/(-120)*5*(-258)/8 is divided by i?
28
Suppose -30 = l - 61. Calculate the remainder when 42 is divided by l.
11
Let d be (-21)/14 + ((-11)/(-2))/1. Suppose 0 = 3*a - 9 - 3, -2*x + 4*a + 24 = 0. Let z = x + d. Calculate the remainder when z is divided by 9.
6
Let s = 16 + 133. What is the remainder when s is divided by 38?
35
Let v